(n) = -31*n + 499. What is y(16)?
3
Let l(u) = 10*u - 823. Determine l(107).
247
Let g(r) = r**2 - 31*r - 7. Calculate g(26).
-137
Let c(i) = 4*i**2 + 298*i - 879. Determine c(3).
51
Let c(y) = -359*y + 6826. Determine c(19).
5
Let u(k) = -8*k**2 - 1397*k + 10728. What is u(-182)?
-10
Let v(d) = -8*d**3 + 11*d**2 + 67*d - 21. Give v(-5).
919
Let o(w) = 143*w + 2133. Give o(-15).
-12
Let l(x) = -24*x**3 - 240*x**2 - x - 18. Determine l(-10).
-8
Let w(n) = 2*n**3 + 22*n**2 - 20*n - 227. Calculate w(-11).
-7
Let d(h) = -h**2 - 15*h + 420. What is d(-29)?
14
Let s(r) = 3875*r + 7756. Calculate s(-2).
6
Let t(m) = -7*m**2 + 10*m + 78. Give t(4).
6
Let t(a) = a**3 - 51*a**2 - 98*a + 2390. Give t(52).
-2
Let d(o) = -4*o - 182. Give d(19).
-258
Let t(v) = 7*v**2 + 603*v + 5789. Give t(-11).
3
Let z(s) = -2*s**2 + 193*s + 3213. Determine z(111).
-6
Let b(h) = 2*h**3 - 16*h**2 - 41*h - 236. Give b(11).
39
Let u(i) = 290*i + 1365. Determine u(-5).
-85
Let p(k) = 4*k**2 - 80*k - 1030. Calculate p(-9).
14
Let k(j) = j**2 - 3*j - 210. Give k(0).
-210
Let x(z) = 17*z - 201. Calculate x(13).
20
Let i(z) = 3*z**3 + 27*z**2 - 4*z - 37. Determine i(-9).
-1
Let q(s) = 14*s**2 - 6*s + 15. Calculate q(0).
15
Let k(s) = 275*s - 2750. Determine k(10).
0
Let v(w) = -3*w - 1. Determine v(-17).
50
Let u(a) = -13*a - 311. Calculate u(-23).
-12
Let k(g) = -345*g + 2024. Give k(6).
-46
Let k(y) = y**3 + 15*y**2 - 101*y - 1146. Give k(-17).
-7
Let j(u) = u**3 - 4*u**2 + 14*u - 68. Determine j(4).
-12
Let l(y) = y**3 - 11*y**2 + 23*y - 68. Calculate l(10).
62
Let x(g) = -2*g**3 - 10*g**2 - g + 4. Determine x(-6).
82
Let o(z) = 4889*z - 34217. What is o(7)?
6
Let o(u) = 32*u + 1337. Give o(-42).
-7
Let u(w) = 130*w - 24. Calculate u(2).
236
Let t(w) = -276*w + 471. Calculate t(2).
-81
Let u(f) = 54*f**2 + 180*f + 360. Calculate u(-2).
216
Let d(k) = -86*k - 1545. Determine d(-18).
3
Let g(v) = -21*v**2 + 213*v + 7. What is g(8)?
367
Let w(p) = 21*p + 291. Determine w(-14).
-3
Let i(b) = 65*b**2 - 451*b - 43. Give i(7).
-15
Let l(k) = -k**2 - 47*k - 284. Determine l(-40).
-4
Let h(j) = j**3 + 16*j**2 + j - 48. What is h(-16)?
-64
Let z(c) = 7615*c + 76147. Give z(-10).
-3
Let a(d) = 1003*d - 16006. Give a(16).
42
Let p(t) = -64*t - 5. Calculate p(2).
-133
Let p(t) = 2*t**3 + 21*t**2 + 52*t + 9. What is p(-7)?
-12
Let s(q) = -q**2 - 39*q - 247. Give s(-26).
91
Let g(u) = -60*u + 423. Determine g(7).
3
Let s(d) = -d**3 + 11*d**2 + 10*d + 69. What is s(12)?
45
Let z(u) = u**2 - 12*u - 175. Determine z(-10).
45
Let j(n) = n**3 + 2*n**2 + 41*n - 200. What is j(4)?
60
Let x(z) = -z**3 - 45*z**2 - 362*z + 413. What is x(-34)?
5
Let j(y) = -80*y + 243. Determine j(3).
3
Let y(d) = -d**2 - 87*d - 242. Calculate y(-91).
-606
Let u(c) = -c**2 + 3*c + 250. Give u(17).
12
Let p(t) = -t**2 - 104*t + 2071. Calculate p(-121).
14
Let j(z) = -58*z - 111. What is j(-5)?
179
Let f(t) = 19*t**2 - 303*t - 8. What is f(16)?
8
Let r(s) = s**3 + 31*s**2 + 95*s + 20. Calculate r(-28).
-288
Let i(g) = 7*g**2 + 1782*g - 764. What is i(-255)?
1
Let x(z) = 18*z - 1082. Calculate x(67).
124
Let k(q) = q**2 - 60*q + 467. Determine k(51).
8
Let o(r) = -8*r**2 + 29*r - 82. What is o(5)?
-137
Let u(d) = d**3 + 28*d**2 - 31*d - 61. What is u(-29)?
-3
Let m(p) = p**3 - 10*p**2 - 48*p + 524. Calculate m(9).
11
Let l(p) = -4*p**3 + 21*p**2 - 24*p + 2. What is l(2)?
6
Let o(v) = v**3 + 60*v**2 - 62*v - 68. Determine o(-61).
-7
Let t(h) = -h**2 + 29*h + 4755. Determine t(85).
-5
Let c(a) = a**3 + 22*a**2 + 8*a + 214. Calculate c(-22).
38
Let q(u) = -u**3 - 2*u**2 + 115*u - 11. Calculate q(-12).
49
Let c(i) = 7*i**2 - 63*i - 102. Calculate c(11).
52
Let u(i) = -39*i + 526. What is u(13)?
19
Let r(a) = -9*a**2 + a - 4. Determine r(-4).
-152
Let c(s) = 50*s - 1809. What is c(36)?
-9
Let l(m) = 84*m + 2109. Give l(-25).
9
Let g(t) = -74*t - 170. What is g(-6)?
274
Let p(i) = 4*i**2 - 21*i + 6. What is p(7)?
55
Let h(z) = z**3 - 18*z**2 + 24*z - 430. Calculate h(18).
2
Let n(f) = 4*f**2 + 71*f - 479. What is n(6)?
91
Let i(h) = 3*h**3 + 5*h**2 - h + 10. Calculate i(-4).
-98
Let p(d) = 28*d - 174. What is p(9)?
78
Let l(m) = 40*m + 945. Calculate l(-26).
-95
Let j(h) = -h**3 - 8*h**2 + 519*h - 42. Give j(19).
72
Let a(t) = -6*t**3 - 154*t**2 + 54*t + 24. Determine a(-26).
-28
Let n(s) = 3*s**2 + 211*s - 381. Calculate n(-72).
-21
Let x(i) = -31*i + 94. Calculate x(10).
-216
Let d(a) = -2*a**3 - 442*a**2 - 2161*a - 211. Determine d(-216).
5
Let a(i) = 21429*i - 107147. Determine a(5).
-2
Let k(h) = 4*h**2 + 1221*h + 29041. Give k(-26).
-1
Let v(w) = -83*w - 742. Determine v(-9).
5
Let q(f) = -5*f + 94. What is q(-10)?
144
Let y(w) = -2*w**3 - 17*w**2 - 69*w - 125. Determine y(-4).
7
Let b(v) = 2372*v + 16602. Calculate b(-7).
-2
Let a(f) = f**2 + 29*f + 123. What is a(-18)?
-75
Let y(o) = -50*o + 85. Determine y(1).
35
Let a(p) = -2*p**3 - 18*p**2 + 2*p - 12. Give a(-9).
-30
Let y(c) = -15*c**2 - 113*c + 206. Determine y(-9).
8
Let d(t) = t**2 - 99*t + 2360. Give d(37).
66
Let c(t) = 72*t + 5. What is c(-2)?
-139
Let s(g) = -g**3 - 4*g**2 + 29*g + 4. Give s(4).
-8
Let z(h) = 294*h + 451. Determine z(-2).
-137
Let q(n) = -n**3 + 6*n**2 + 182*n + 91. Give q(17).
6
Let a(x) = x**2 + 14*x - 14. Determine a(-14).
-14
Let n(w) = -94*w + 658. Calculate n(7).
0
Let d(f) = -f**3 + 5*f**2 + 14*f - 1. Calculate d(-3).
29
Let a(s) = 124*s + 7444. Calculate a(-60).
4
Let p(y) = -4*y**2 + 124*y - 849. Give p(10).
-9
Let u(b) = -b**2 - 65*b + 274. Give u(-69).
-2
Let w(o) = -3*o**2 - 73*o + 137. Calculate w(-25).
87
Let h(m) = 3*m**2 - 87*m + 610. What is h(18)?
16
Let m(g) = 2*g**2 + 47*g - 12. Give m(-19).
-183
Let p(i) = 55*i - 226. Give p(4).
-6
Let h(t) = -2*t**2 - 3090*t + 15522. What is h(5)?
22
Let w(b) = b**2 - 27*b - 195. Give w(33).
3
Let w(p) = 2*p**3 - 15*p**2 - 146*p + 1061. Determine w(7).
-10
Let u(a) = a**2 + 46*a + 41. Determine u(-46).
41
Let a(c) = -4*c**2 - 14*c + 567. What is a(-14)?
-21
Let r(a) = -23*a + 300. What is r(11)?
47
Let n(g) = 2*g**2 - 24*g - 12. Determine n(13).
14
Let f(b) = -b**3 + 24*b**2 + 52*b - 114. Determine f(26).
-114
Let g(l) = -102*l + 532. Give g(6).
-80
Let m(z) = 18*z**3 + 2*z**2 + z - 1. Calculate m(-1).
-18
Let p(j) = -28*j + 277. What is p(10)?
-3
Let l(m) = 21*m - 3167. Determine l(159).
172
Let a(r) = 827*r - 6610. Calculate a(8).
6
Let g(u) = -4*u**2 - 743*u - 1222. Determine g(-184).
66
Let c(q) = 6*q + 93. Determine c(-19).
-21
Let w(x) = x**2 - 3125*x - 15658. Determine w(-5).
-8
Let g(x) = -10*x - 119. Calculate g(4).
-159
Let a(i) = -54*i - 498. What is a(-2)?
-390
Let n(y) = -1067*y - 42677. Give n(-40).
3
Let b(h) = 9*h + 135. Give b(-14).
9
Let m(x) = -3*x**2 - 82*x - 431. Determine m(-17).
96
Let u(o) = -4*o**3 + 43*o**2 + 21*o - 87. Calculate u(11).
23
Let s(y) = -8342*y - 25039. What is s(-3)?
-13
Let i(d) = d**3 - d**2 - 24*d - 33. Determine i(-6).
-141
Let q(t) = -12*t**3 - 50*t**2 - t + 4. What is q(-4)?
-24
Let l(g) = -9*g - 251. Determine l(-26).
-17
Let o(s) = 158*s - 27. Give o(2).
289
Let q(i) = -15*i**3 + 1066*i**2 - 79*i + 559. Calculate q(71).
-9
Let v(i) = 85*i - 478. What is v(6)?
32
Let j(m) = 31*m - 211. Give j(6).
-25
Let q(l) = -61*l**2 + 2319*l - 46. Calculate q(38).
-8
Let k(o) = -42*o + 1445. What is k(35)?
-25
Let z(m) = m**3 + 11*m**2 - 26*m - 58. What is z(-13)?
-58
Let z(u) = 11*u - 1. What is z(8)?
87
Let s(u) = 623*u + 7475. Give s(-12).
-1
Let c(i) = -i**3 + i**2 + 4*i - 167. Determine c(0).
-167
Let g(s) = 3*s**3 - 17*s + 7. What is g(-3)?
-23
Let z(f) = 2*f**3 + 149*f**2 - 80*f - 197. Calculate z(-75).
178
Let g(d) = d**3 - 8*d**2 - 2*d - 155. Give g(10).
25
Let f(w) = 20*w**2 - 39*w + 9. Give f(5).
314
Let i(w) = 9*w**2 - 229*w - 2419. What is i(-8)?
-11
Let n(q) = 10*q**2 + 12*q + 53. Calculate n(-4).
165
Let p(y) = 16*y + 22. Calculate p(0).
22
Let m(c) = -20*c - 731. Determine m(-32).
-91
Let t(y) = -2*y**2 + 19*y + 383. Determine t(-10).
-7
Let g(s) = -7*s**2 + 2008*s - 5679. Calculate g(284).
1
Let o(g) = -g**3 - 22*g**2 + 14*g + 301. Calculate o(-22).
-7
Let c(u) = 13*u - 325. What is c(21)?
-52
Let u(d) = 11*d**2 - 9*d - 432. Determine u(-6).
18
Let h(v) = -v**3 - 299*v**2 - 309*v - 3281. Determine h(-298).
-3
Let g(s) = -1322*s + 